{"id":157,"date":"2023-02-04T11:30:16","date_gmt":"2023-02-04T11:30:16","guid":{"rendered":"https:\/\/idealhediyem.com\/ideal\/?page_id=157"},"modified":"2023-02-04T11:31:12","modified_gmt":"2023-02-04T11:31:12","slug":"ucretsiz-servis","status":"publish","type":"page","link":"https:\/\/iletisimozelegitim.com\/index.php\/ucretsiz-servis\/","title":{"rendered":"\u00dccretsiz Servis"},"content":{"rendered":"<div class=\"row\"  id=\"row-1254786728\">\n\n\t<div id=\"col-1937537558\" class=\"col medium-8 small-12 large-8\"  >\n\t\t\t\t<div class=\"col-inner\"  >\n\t\t\t\n\t\t\t\n<div id=\"comp-l015ia06\" class=\"KcpHeO tz5f0K comp-l015ia06 wixui-text\" data-testid=\"richTextElement\">\n<h2 class=\"font_2\">\u00dccretsiz Servis<\/h2>\n<\/div>\n<div id=\"comp-l015ia0a\" class=\"KcpHeO tz5f0K comp-l015ia0a wixui-text\" data-testid=\"richTextElement\">\n<p class=\"font_8\">Kurumumuz Isparta il\u00e7elerine ve t\u00fcm mahallelerine son model ara\u00e7lar\u0131m\u0131zla servis hizmeti sunmaktad\u0131r.<\/p>\n<\/div>\n\t\t<\/div>\n\t\t\t\t\t<\/div>\n\n\t\n\n\t<div id=\"col-1812519976\" class=\"col medium-4 small-12 large-4\"  >\n\t\t\t\t<div class=\"col-inner\"  >\n\t\t\t\n\t\t\t\n\t<div class=\"img has-hover x md-x lg-x y md-y lg-y\" id=\"image_2034228703\">\n\t\t\t\t\t\t\t\t<div class=\"img-inner dark\" >\n\t\t\t<img loading=\"lazy\" decoding=\"async\" width=\"502\" height=\"144\" src=\"https:\/\/iletisimozelegitim.com\/wp-content\/uploads\/2023\/02\/araclar.jpg\" class=\"attachment-original size-original\" alt=\"\" srcset=\"https:\/\/iletisimozelegitim.com\/wp-content\/uploads\/2023\/02\/araclar.jpg 502w, https:\/\/iletisimozelegitim.com\/wp-content\/uploads\/2023\/02\/araclar-300x86.jpg 300w\" sizes=\"auto, (max-width: 502px) 100vw, 502px\" \/>\t\t\t\t\t\t\n\t\t\t\t\t<\/div>\n\t\t\t\t\t\t\t\t\n<style>\n#image_2034228703 {\n  width: 100%;\n}\n<\/style>\n\t<\/div>\n\t\n\t\t<\/div>\n\t\t\t\t\t<\/div>\n\n\t\n<\/div>\n","protected":false},"excerpt":{"rendered":"","protected":false},"author":1,"featured_media":0,"parent":0,"menu_order":0,"comment_status":"closed","ping_status":"closed","template":"","meta":{"footnotes":""},"class_list":["post-157","page","type-page","status-publish","hentry"],"_links":{"self":[{"href":"https:\/\/iletisimozelegitim.com\/index.php\/wp-json\/wp\/v2\/pages\/157","targetHints":{"allow":["GET"]}}],"collection":[{"href":"https:\/\/iletisimozelegitim.com\/index.php\/wp-json\/wp\/v2\/pages"}],"about":[{"href":"https:\/\/iletisimozelegitim.com\/index.php\/wp-json\/wp\/v2\/types\/page"}],"author":[{"embeddable":true,"href":"https:\/\/iletisimozelegitim.com\/index.php\/wp-json\/wp\/v2\/users\/1"}],"replies":[{"embeddable":true,"href":"https:\/\/iletisimozelegitim.com\/index.php\/wp-json\/wp\/v2\/comments?post=157"}],"version-history":[{"count":2,"href":"https:\/\/iletisimozelegitim.com\/index.php\/wp-json\/wp\/v2\/pages\/157\/revisions"}],"predecessor-version":[{"id":160,"href":"https:\/\/iletisimozelegitim.com\/index.php\/wp-json\/wp\/v2\/pages\/157\/revisions\/160"}],"wp:attachment":[{"href":"https:\/\/iletisimozelegitim.com\/index.php\/wp-json\/wp\/v2\/media?parent=157"}],"curies":[{"name":"wp","href":"https:\/\/api.w.org\/{rel}","templated":true}]}}