{"id":145,"date":"2023-02-04T10:38:13","date_gmt":"2023-02-04T10:38:13","guid":{"rendered":"https:\/\/idealhediyem.com\/ideal\/?page_id=145"},"modified":"2023-02-04T10:40:22","modified_gmt":"2023-02-04T10:40:22","slug":"grup-egitimi","status":"publish","type":"page","link":"https:\/\/iletisimozelegitim.com\/index.php\/grup-egitimi\/","title":{"rendered":"Grup E\u011fitimi"},"content":{"rendered":"<div class=\"row\"  id=\"row-887961015\">\n\n\t<div id=\"col-700028810\" class=\"col medium-8 small-12 large-8\"  >\n\t\t\t\t<div class=\"col-inner\"  >\n\t\t\t\n\t\t\t\n<div id=\"comp-l0153usb\" class=\"KcpHeO tz5f0K comp-l0153usb wixui-text\" data-testid=\"richTextElement\">\n<h2 class=\"font_2\">Grup E\u011fitimi<\/h2>\n<\/div>\n<div id=\"comp-l0153ush\" class=\"KcpHeO tz5f0K comp-l0153ush wixui-text\" data-testid=\"richTextElement\">\n<p class=\"font_8\" style=\"text-align: left;\">Grup e\u011fitimi alan \u00e7ocuklar; ya\u015flar\u0131, akademik d\u00fczeyleri ve sosyal geli\u015fimleri birbirlerine yak\u0131n \u00f6\u011frencilerden olu\u015fmaktad\u0131r.<span class=\"wixGuard\">\u200b<\/span><\/p>\n<p class=\"font_8\" style=\"text-align: left;\">Akademik \u00e7al\u0131\u015fmalar\u0131n yan\u0131 s\u0131ra \u00f6\u011frenciyi ailesine ve \u00e7evresine en az ba\u011f\u0131ml\u0131 hale getirecek olan, g\u00fcnl\u00fck ya\u015famda \u00e7ok s\u0131k kulland\u0131\u011f\u0131m\u0131z beceri ve bilgilerde \u00f6\u011fretilmektedir. \u00d6zbak\u0131m ve g\u00fcnl\u00fck ya\u015fam becerileri ad\u0131 alt\u0131nda temel temizlik becerileri, giyinme-soyunma becerileri, yemek yeme, yemek yapma, \u00f6rg\u00fc, diki\u015f, kuma\u015f boyama ve basit sa\u011fl\u0131k bilgileri de \u00f6\u011fretilmektedir.<\/p>\n<\/div>\n\t\t<\/div>\n\t\t\t\t\t<\/div>\n\n\t\n\n\t<div id=\"col-1216716301\" class=\"col medium-4 small-12 large-4\"  >\n\t\t\t\t<div class=\"col-inner\"  >\n\t\t\t\n\t\t\t\n\t<div class=\"img has-hover x md-x lg-x y md-y lg-y\" id=\"image_2138707463\">\n\t\t\t\t\t\t\t\t<div class=\"img-inner dark\" >\n\t\t\t<img loading=\"lazy\" decoding=\"async\" width=\"881\" height=\"825\" src=\"https:\/\/iletisimozelegitim.com\/wp-content\/uploads\/2023\/02\/grup_egitimi.jpg\" class=\"attachment-original size-original\" alt=\"\" srcset=\"https:\/\/iletisimozelegitim.com\/wp-content\/uploads\/2023\/02\/grup_egitimi.jpg 881w, https:\/\/iletisimozelegitim.com\/wp-content\/uploads\/2023\/02\/grup_egitimi-300x281.jpg 300w, https:\/\/iletisimozelegitim.com\/wp-content\/uploads\/2023\/02\/grup_egitimi-768x719.jpg 768w\" sizes=\"auto, (max-width: 881px) 100vw, 881px\" \/>\t\t\t\t\t\t\n\t\t\t\t\t<\/div>\n\t\t\t\t\t\t\t\t\n<style>\n#image_2138707463 {\n  width: 70%;\n}\n<\/style>\n\t<\/div>\n\t\n\t\t<\/div>\n\t\t\t\t\t<\/div>\n\n\t\n<\/div>\n","protected":false},"excerpt":{"rendered":"","protected":false},"author":1,"featured_media":0,"parent":0,"menu_order":0,"comment_status":"closed","ping_status":"closed","template":"","meta":{"footnotes":""},"class_list":["post-145","page","type-page","status-publish","hentry"],"_links":{"self":[{"href":"https:\/\/iletisimozelegitim.com\/index.php\/wp-json\/wp\/v2\/pages\/145","targetHints":{"allow":["GET"]}}],"collection":[{"href":"https:\/\/iletisimozelegitim.com\/index.php\/wp-json\/wp\/v2\/pages"}],"about":[{"href":"https:\/\/iletisimozelegitim.com\/index.php\/wp-json\/wp\/v2\/types\/page"}],"author":[{"embeddable":true,"href":"https:\/\/iletisimozelegitim.com\/index.php\/wp-json\/wp\/v2\/users\/1"}],"replies":[{"embeddable":true,"href":"https:\/\/iletisimozelegitim.com\/index.php\/wp-json\/wp\/v2\/comments?post=145"}],"version-history":[{"count":2,"href":"https:\/\/iletisimozelegitim.com\/index.php\/wp-json\/wp\/v2\/pages\/145\/revisions"}],"predecessor-version":[{"id":149,"href":"https:\/\/iletisimozelegitim.com\/index.php\/wp-json\/wp\/v2\/pages\/145\/revisions\/149"}],"wp:attachment":[{"href":"https:\/\/iletisimozelegitim.com\/index.php\/wp-json\/wp\/v2\/media?parent=145"}],"curies":[{"name":"wp","href":"https:\/\/api.w.org\/{rel}","templated":true}]}}